{"id":669,"date":"2022-09-28T12:52:34","date_gmt":"2022-09-28T10:52:34","guid":{"rendered":"https:\/\/www.escambiar.com\/?page_id=669"},"modified":"2023-09-12T14:23:14","modified_gmt":"2023-09-12T12:23:14","slug":"en-attendant-lalbum","status":"publish","type":"page","link":"https:\/\/www.escambiar.com\/index.php\/claude-sicre\/en-attendant-lalbum\/","title":{"rendered":"EN ATTENDANT L&rsquo;ALBUM"},"content":{"rendered":"\t\t<div data-elementor-type=\"wp-page\" data-elementor-id=\"669\" class=\"elementor elementor-669\">\n\t\t\t\t\t\t<section class=\"elementor-section elementor-top-section elementor-element elementor-element-fd67ddc elementor-section-boxed elementor-section-height-default elementor-section-height-default\" data-id=\"fd67ddc\" data-element_type=\"section\" data-e-type=\"section\">\n\t\t\t\t\t\t<div class=\"elementor-container elementor-column-gap-default\">\n\t\t\t\t\t<div class=\"elementor-column elementor-col-50 elementor-top-column elementor-element elementor-element-4bf56d7\" data-id=\"4bf56d7\" data-element_type=\"column\" data-e-type=\"column\">\n\t\t\t<div class=\"elementor-widget-wrap elementor-element-populated\">\n\t\t\t\t\t\t<div class=\"elementor-element elementor-element-1dc5ba7 elementor-widget elementor-widget-image\" data-id=\"1dc5ba7\" data-element_type=\"widget\" data-e-type=\"widget\" data-widget_type=\"image.default\">\n\t\t\t\t<div class=\"elementor-widget-container\">\n\t\t\t\t\t\t\t\t\t\t\t\t\t\t\t\t<a href=\"https:\/\/www.escambiar.com\/wp-content\/uploads\/2022\/09\/POCHETTE-ASSAI.jpg\">\n\t\t\t\t\t\t\t<img decoding=\"async\" src=\"https:\/\/www.escambiar.com\/wp-content\/uploads\/elementor\/thumbs\/POCHETTE-ASSAI-pvtjmkeenp1jp1f3y58fkp7lu2dq2h3dxxzu4knm3k.jpg\" title=\"POCHETTE ASSAI\" alt=\"POCHETTE ASSAI\" loading=\"lazy\" \/>\t\t\t\t\t\t\t\t<\/a>\n\t\t\t\t\t\t\t\t\t\t\t\t\t\t\t<\/div>\n\t\t\t\t<\/div>\n\t\t\t\t\t<\/div>\n\t\t<\/div>\n\t\t\t\t<div class=\"elementor-column elementor-col-50 elementor-top-column elementor-element elementor-element-1c33549\" data-id=\"1c33549\" data-element_type=\"column\" data-e-type=\"column\">\n\t\t\t<div class=\"elementor-widget-wrap elementor-element-populated\">\n\t\t\t\t\t\t<div class=\"elementor-element elementor-element-1f72854 elementor-widget elementor-widget-text-editor\" data-id=\"1f72854\" data-element_type=\"widget\" data-e-type=\"widget\" data-widget_type=\"text-editor.default\">\n\t\t\t\t<div class=\"elementor-widget-container\">\n\t\t\t\t\t\t\t\t\t<p class=\"p1\" style=\"text-align: justify;\"><span style=\"font-size: 12pt;\">Claude Sicre chante avec dix si\u00e8cles dans la voix, il nous fait danser comme des paysans dans un conte, il \u00e9crit une po\u00e9sie qui s\u00e8me la f\u00eate.Voici quatre titres en pr\u00e9lude d\u2019un l\u2019album promis, qui m\u00ealent la tournure m\u00e9di\u00e9vale et un proto-rap urbain, la galanterie des troubadours et l\u2019anarchisme faubourien, la danse villageoise et le rythme cr\u00e9ole. Imag\u00e9 dans \u00ab\u00a0Je me meurs de soif\u00a0\u00bb chanson en duo avec Francis Cabrel. Le titre ASSA\u00cf, transpose dans la paix des joutes po\u00e9tiques un texte de Martial, qui c\u00e9l\u00e9brait la vaillance de gladiateurs dans l\u2019ar\u00e8ne, sur une musique sign\u00e9e Al Tarba.<\/span><\/p>\t\t\t\t\t\t\t\t<\/div>\n\t\t\t\t<\/div>\n\t\t\t\t\t<\/div>\n\t\t<\/div>\n\t\t\t\t\t<\/div>\n\t\t<\/section>\n\t\t\t\t<section class=\"elementor-section elementor-top-section elementor-element elementor-element-f6abc1d elementor-section-boxed elementor-section-height-default elementor-section-height-default\" data-id=\"f6abc1d\" data-element_type=\"section\" data-e-type=\"section\">\n\t\t\t\t\t\t<div class=\"elementor-container elementor-column-gap-default\">\n\t\t\t\t\t<div class=\"elementor-column elementor-col-100 elementor-top-column elementor-element elementor-element-c072de9\" data-id=\"c072de9\" data-element_type=\"column\" data-e-type=\"column\">\n\t\t\t<div class=\"elementor-widget-wrap elementor-element-populated\">\n\t\t\t\t\t\t<div class=\"elementor-element elementor-element-e473f44 elementor-widget__width-initial elementor-widget elementor-widget-video\" data-id=\"e473f44\" data-element_type=\"widget\" data-e-type=\"widget\" data-settings=\"{&quot;youtube_url&quot;:&quot;https:\\\/\\\/youtu.be\\\/h2r5w-hAVyk&quot;,&quot;video_type&quot;:&quot;youtube&quot;,&quot;controls&quot;:&quot;yes&quot;}\" data-widget_type=\"video.default\">\n\t\t\t\t<div class=\"elementor-widget-container\">\n\t\t\t\t\t\t\t<div class=\"elementor-wrapper elementor-open-inline\">\n\t\t\t<div class=\"elementor-video\"><\/div>\t\t<\/div>\n\t\t\t\t\t\t<\/div>\n\t\t\t\t<\/div>\n\t\t\t\t\t<\/div>\n\t\t<\/div>\n\t\t\t\t\t<\/div>\n\t\t<\/section>\n\t\t\t\t<section class=\"elementor-section elementor-top-section elementor-element elementor-element-90b7da3 elementor-section-boxed elementor-section-height-default elementor-section-height-default\" data-id=\"90b7da3\" data-element_type=\"section\" data-e-type=\"section\" data-settings=\"{&quot;background_background&quot;:&quot;classic&quot;}\">\n\t\t\t\t\t\t<div class=\"elementor-container elementor-column-gap-default\">\n\t\t\t\t\t<div class=\"elementor-column elementor-col-50 elementor-top-column elementor-element elementor-element-c574612\" data-id=\"c574612\" data-element_type=\"column\" data-e-type=\"column\">\n\t\t\t<div class=\"elementor-widget-wrap elementor-element-populated\">\n\t\t\t\t\t\t<div class=\"elementor-element elementor-element-645857f elementor-widget elementor-widget-text-editor\" data-id=\"645857f\" data-element_type=\"widget\" data-e-type=\"widget\" data-widget_type=\"text-editor.default\">\n\t\t\t\t<div class=\"elementor-widget-container\">\n\t\t\t\t\t\t\t\t\t<p style=\"text-align: justify;\"><strong>01 &#8211; Assa\u00ef:<\/strong> po\u00e8me inspir\u00e9 par celui de Martial ( po\u00e9te latin du premier si\u00e8cle apr\u00e8s JC ) consacr\u00e9 \u00e0 un gladiateur. Le h\u00e9ros que d\u00e9crit Claude est \u00e0 la fois un artiste, gladiateur du verbe et de la musique,\u00a0 et un combattant de la libert\u00e9, dont l\u2019arme est la joute po\u00e9tique chant\u00e9e.<\/p>\t\t\t\t\t\t\t\t<\/div>\n\t\t\t\t<\/div>\n\t\t\t\t<div class=\"elementor-element elementor-element-63c5cff elementor-widget elementor-widget-wp-widget-media_audio\" data-id=\"63c5cff\" data-element_type=\"widget\" data-e-type=\"widget\" data-widget_type=\"wp-widget-media_audio.default\">\n\t\t\t\t<div class=\"elementor-widget-container\">\n\t\t\t\t\t<audio class=\"wp-audio-shortcode\" id=\"audio-669-1\" preload=\"none\" style=\"width: 100%;\" controls=\"controls\"><source type=\"audio\/mpeg\" src=\"https:\/\/www.escambiar.com\/wp-content\/uploads\/2022\/09\/01-ASSAI\u0308.mp3?_=1\" \/><source type=\"audio\/mpeg\" src=\"https:\/\/www.escambiar.com\/wp-content\/uploads\/2022\/09\/01-ASSAI\u0308.mp3?_=1\" \/><a href=\"https:\/\/www.escambiar.com\/wp-content\/uploads\/2022\/09\/01-ASSAI\u0308.mp3\">https:\/\/www.escambiar.com\/wp-content\/uploads\/2022\/09\/01-ASSAI\u0308.mp3<\/a><\/audio>\t\t\t\t<\/div>\n\t\t\t\t<\/div>\n\t\t\t\t<div class=\"elementor-element elementor-element-964d479 elementor-widget elementor-widget-text-editor\" data-id=\"964d479\" data-element_type=\"widget\" data-e-type=\"widget\" data-widget_type=\"text-editor.default\">\n\t\t\t\t<div class=\"elementor-widget-container\">\n\t\t\t\t\t\t\t\t\t<p style=\"text-align: justify;\"><strong>02 &#8211; Je Me Meurs de Soif :<\/strong> le titre est le premier vers donn\u00e9 par Charles d&rsquo;Orl\u00e9ans, au fameux Concours de Blois ( 1458), \u00e0 tous les po\u00e8tes fran\u00e7ais qui voulaient relever le d\u00e9fi de partir de l\u00e0 pour \u00e9crire un sonnet . Villon le rel\u00e8ve avec sa Ballade des Contre-V\u00e9rit\u00e9s. Th\u00e8me extr\u00eamement c\u00e9l\u00e8bre deux si\u00e8cles plus t\u00f4t chez les trobadors de langue d\u2019\u00f2c, \u00e0 commencer par Guilhem d\u2019Aquitaine.<\/p><p style=\"text-align: justify;\">Claude Sicre rel\u00e8ve ce d\u00e9fi en 2010 et le lance aujourd\u2019hui \u00e0 tous les chansonniers de France contemporains, dans tous les styles. Francis Cabrel, qui chante quelques vers dans la chanson de Claude, pr\u00e9pare la sienne.<\/p>\t\t\t\t\t\t\t\t<\/div>\n\t\t\t\t<\/div>\n\t\t\t\t<div class=\"elementor-element elementor-element-2e013ba elementor-widget elementor-widget-wp-widget-media_audio\" data-id=\"2e013ba\" data-element_type=\"widget\" data-e-type=\"widget\" data-widget_type=\"wp-widget-media_audio.default\">\n\t\t\t\t<div class=\"elementor-widget-container\">\n\t\t\t\t\t<audio class=\"wp-audio-shortcode\" id=\"audio-669-2\" preload=\"none\" style=\"width: 100%;\" controls=\"controls\"><source type=\"audio\/mpeg\" src=\"https:\/\/www.escambiar.com\/wp-content\/uploads\/2022\/09\/02-JE-ME-MEURS-DE-SOIF.mp3?_=2\" \/><source type=\"audio\/mpeg\" src=\"https:\/\/www.escambiar.com\/wp-content\/uploads\/2022\/09\/02-JE-ME-MEURS-DE-SOIF.mp3?_=2\" \/><a href=\"https:\/\/www.escambiar.com\/wp-content\/uploads\/2022\/09\/02-JE-ME-MEURS-DE-SOIF.mp3\">https:\/\/www.escambiar.com\/wp-content\/uploads\/2022\/09\/02-JE-ME-MEURS-DE-SOIF.mp3<\/a><\/audio>\t\t\t\t<\/div>\n\t\t\t\t<\/div>\n\t\t\t\t\t<\/div>\n\t\t<\/div>\n\t\t\t\t<div class=\"elementor-column elementor-col-50 elementor-top-column elementor-element elementor-element-ec660f9\" data-id=\"ec660f9\" data-element_type=\"column\" data-e-type=\"column\">\n\t\t\t<div class=\"elementor-widget-wrap elementor-element-populated\">\n\t\t\t\t\t\t<div class=\"elementor-element elementor-element-0d6acca elementor-widget elementor-widget-text-editor\" data-id=\"0d6acca\" data-element_type=\"widget\" data-e-type=\"widget\" data-widget_type=\"text-editor.default\">\n\t\t\t\t<div class=\"elementor-widget-container\">\n\t\t\t\t\t\t\t\t\t<p style=\"text-align: justify;\"><strong>03 &#8211; La Vie me parait si belle:<\/strong> Chansonge ( joli n\u00e9ologisme sicrien, avec un clin d\u2019oeil \u00e0 l\u2019anglais ) d\u2019un jeune homme toujours content au milieu de toutes ses m\u00e9saventures. Portrait-robot d\u2019un \u00ab\u00a0 ravi\u00a0 \u00bb de la cr\u00e8che, ou d\u2019un sage. La critique musicale avis\u00e9e saura voir que ce gar\u00e7on est le m\u00eame que celui qui chante Si le Bien, qui se meurt de soif aupr\u00e8s de le fontaine ou qui se nomme ailleurs Assa\u00ef.\u00a0 M\u00eame philosophie, m\u00eame souffle musical venu de lointaines traditions actualis\u00e9es dans les repas-de-hameaux du Rouergue.<\/p>\t\t\t\t\t\t\t\t<\/div>\n\t\t\t\t<\/div>\n\t\t\t\t<div class=\"elementor-element elementor-element-8704f87 elementor-widget elementor-widget-wp-widget-media_audio\" data-id=\"8704f87\" data-element_type=\"widget\" data-e-type=\"widget\" data-widget_type=\"wp-widget-media_audio.default\">\n\t\t\t\t<div class=\"elementor-widget-container\">\n\t\t\t\t\t<audio class=\"wp-audio-shortcode\" id=\"audio-669-3\" preload=\"none\" style=\"width: 100%;\" controls=\"controls\"><source type=\"audio\/mpeg\" src=\"https:\/\/www.escambiar.com\/wp-content\/uploads\/2022\/09\/03-LA-VIE-ME-PARAIT-SI-BELLE.mp3?_=3\" \/><source type=\"audio\/mpeg\" src=\"https:\/\/www.escambiar.com\/wp-content\/uploads\/2022\/09\/03-LA-VIE-ME-PARAIT-SI-BELLE.mp3?_=3\" \/><a href=\"https:\/\/www.escambiar.com\/wp-content\/uploads\/2022\/09\/03-LA-VIE-ME-PARAIT-SI-BELLE.mp3\">https:\/\/www.escambiar.com\/wp-content\/uploads\/2022\/09\/03-LA-VIE-ME-PARAIT-SI-BELLE.mp3<\/a><\/audio>\t\t\t\t<\/div>\n\t\t\t\t<\/div>\n\t\t\t\t<div class=\"elementor-element elementor-element-406334d elementor-widget elementor-widget-text-editor\" data-id=\"406334d\" data-element_type=\"widget\" data-e-type=\"widget\" data-widget_type=\"text-editor.default\">\n\t\t\t\t<div class=\"elementor-widget-container\">\n\t\t\t\t\t\t\t\t\t<p style=\"text-align: justify;\"><strong>04 &#8211; Si le Bien \u00e9tait le Mal (Ballade d\u2019un condamn\u00e9 \u00e0 mort) :<\/strong> refrain inspir\u00e9 par une chanson du trobador proven\u00e7al Cadenet, pseudonyme de \u00a0Elias Raimond B\u00e9renger ( 1160-1240 ), avec des couplets originaux qui, pour \u00eatre moins chr\u00e9tiens, n\u2019en sont pas pour autant plus modernes. Le sous-titre de la chanson, Ballade d\u2019un condamn\u00e9 \u00e0 mort &#8211; des condamn\u00e9s, car ses coll\u00e8gues chantent avec lui &#8211; \u00e9voquent\u00a0 Villon ( et Brassens ) tout autant que Hugo, mais le traitement est tout autre.<\/p>\t\t\t\t\t\t\t\t<\/div>\n\t\t\t\t<\/div>\n\t\t\t\t<div class=\"elementor-element elementor-element-a0af44b elementor-widget elementor-widget-wp-widget-media_audio\" data-id=\"a0af44b\" data-element_type=\"widget\" data-e-type=\"widget\" data-widget_type=\"wp-widget-media_audio.default\">\n\t\t\t\t<div class=\"elementor-widget-container\">\n\t\t\t\t\t<audio class=\"wp-audio-shortcode\" id=\"audio-669-4\" preload=\"none\" style=\"width: 100%;\" controls=\"controls\"><source type=\"audio\/mpeg\" src=\"https:\/\/www.escambiar.com\/wp-content\/uploads\/2022\/09\/04-SI-LE-BIEN.mp3?_=4\" \/><source type=\"audio\/mpeg\" src=\"https:\/\/www.escambiar.com\/wp-content\/uploads\/2022\/09\/04-SI-LE-BIEN.mp3?_=4\" \/><a href=\"https:\/\/www.escambiar.com\/wp-content\/uploads\/2022\/09\/04-SI-LE-BIEN.mp3\">https:\/\/www.escambiar.com\/wp-content\/uploads\/2022\/09\/04-SI-LE-BIEN.mp3<\/a><\/audio>\t\t\t\t<\/div>\n\t\t\t\t<\/div>\n\t\t\t\t\t<\/div>\n\t\t<\/div>\n\t\t\t\t\t<\/div>\n\t\t<\/section>\n\t\t\t\t<\/div>\n\t\t","protected":false},"excerpt":{"rendered":"<p>Claude Sicre chante avec dix si\u00e8cles dans la voix, il nous fait danser comme des paysans dans un conte, il \u00e9crit une po\u00e9sie qui s\u00e8me la f\u00eate.Voici quatre titres en pr\u00e9lude d\u2019un l\u2019album promis, qui m\u00ealent la tournure m\u00e9di\u00e9vale et un proto-rap urbain, la galanterie des troubadours et l\u2019anarchisme faubourien, la danse villageoise et le [&hellip;]<\/p>\n","protected":false},"author":1,"featured_media":0,"parent":494,"menu_order":0,"comment_status":"closed","ping_status":"closed","template":"","meta":{"ocean_post_layout":"","ocean_both_sidebars_style":"","ocean_both_sidebars_content_width":0,"ocean_both_sidebars_sidebars_width":0,"ocean_sidebar":"0","ocean_second_sidebar":"0","ocean_disable_margins":"enable","ocean_add_body_class":"","ocean_shortcode_before_top_bar":"","ocean_shortcode_after_top_bar":"","ocean_shortcode_before_header":"","ocean_shortcode_after_header":"","ocean_has_shortcode":"","ocean_shortcode_after_title":"","ocean_shortcode_before_footer_widgets":"","ocean_shortcode_after_footer_widgets":"","ocean_shortcode_before_footer_bottom":"","ocean_shortcode_after_footer_bottom":"","ocean_display_top_bar":"default","ocean_display_header":"default","ocean_header_style":"","ocean_center_header_left_menu":"0","ocean_custom_header_template":"0","ocean_custom_logo":0,"ocean_custom_retina_logo":0,"ocean_custom_logo_max_width":0,"ocean_custom_logo_tablet_max_width":0,"ocean_custom_logo_mobile_max_width":0,"ocean_custom_logo_max_height":0,"ocean_custom_logo_tablet_max_height":0,"ocean_custom_logo_mobile_max_height":0,"ocean_header_custom_menu":"0","ocean_menu_typo_font_family":"0","ocean_menu_typo_font_subset":"","ocean_menu_typo_font_size":0,"ocean_menu_typo_font_size_tablet":0,"ocean_menu_typo_font_size_mobile":0,"ocean_menu_typo_font_size_unit":"px","ocean_menu_typo_font_weight":"","ocean_menu_typo_font_weight_tablet":"","ocean_menu_typo_font_weight_mobile":"","ocean_menu_typo_transform":"","ocean_menu_typo_transform_tablet":"","ocean_menu_typo_transform_mobile":"","ocean_menu_typo_line_height":0,"ocean_menu_typo_line_height_tablet":0,"ocean_menu_typo_line_height_mobile":0,"ocean_menu_typo_line_height_unit":"","ocean_menu_typo_spacing":0,"ocean_menu_typo_spacing_tablet":0,"ocean_menu_typo_spacing_mobile":0,"ocean_menu_typo_spacing_unit":"","ocean_menu_link_color":"","ocean_menu_link_color_hover":"","ocean_menu_link_color_active":"","ocean_menu_link_background":"","ocean_menu_link_hover_background":"","ocean_menu_link_active_background":"","ocean_menu_social_links_bg":"","ocean_menu_social_hover_links_bg":"","ocean_menu_social_links_color":"","ocean_menu_social_hover_links_color":"","ocean_disable_title":"default","ocean_disable_heading":"default","ocean_post_title":"","ocean_post_subheading":"","ocean_post_title_style":"","ocean_post_title_background_color":"","ocean_post_title_background":0,"ocean_post_title_bg_image_position":"","ocean_post_title_bg_image_attachment":"","ocean_post_title_bg_image_repeat":"","ocean_post_title_bg_image_size":"","ocean_post_title_height":0,"ocean_post_title_bg_overlay":0.5,"ocean_post_title_bg_overlay_color":"","ocean_disable_breadcrumbs":"default","ocean_breadcrumbs_color":"","ocean_breadcrumbs_separator_color":"","ocean_breadcrumbs_links_color":"","ocean_breadcrumbs_links_hover_color":"","ocean_display_footer_widgets":"default","ocean_display_footer_bottom":"default","ocean_custom_footer_template":"0","footnotes":""},"class_list":["post-669","page","type-page","status-publish","hentry","entry"],"_links":{"self":[{"href":"https:\/\/www.escambiar.com\/index.php\/wp-json\/wp\/v2\/pages\/669","targetHints":{"allow":["GET"]}}],"collection":[{"href":"https:\/\/www.escambiar.com\/index.php\/wp-json\/wp\/v2\/pages"}],"about":[{"href":"https:\/\/www.escambiar.com\/index.php\/wp-json\/wp\/v2\/types\/page"}],"author":[{"embeddable":true,"href":"https:\/\/www.escambiar.com\/index.php\/wp-json\/wp\/v2\/users\/1"}],"replies":[{"embeddable":true,"href":"https:\/\/www.escambiar.com\/index.php\/wp-json\/wp\/v2\/comments?post=669"}],"version-history":[{"count":3,"href":"https:\/\/www.escambiar.com\/index.php\/wp-json\/wp\/v2\/pages\/669\/revisions"}],"predecessor-version":[{"id":1632,"href":"https:\/\/www.escambiar.com\/index.php\/wp-json\/wp\/v2\/pages\/669\/revisions\/1632"}],"up":[{"embeddable":true,"href":"https:\/\/www.escambiar.com\/index.php\/wp-json\/wp\/v2\/pages\/494"}],"wp:attachment":[{"href":"https:\/\/www.escambiar.com\/index.php\/wp-json\/wp\/v2\/media?parent=669"}],"curies":[{"name":"wp","href":"https:\/\/api.w.org\/{rel}","templated":true}]}}